 4 + -3. Suppose 2*f + j - 5 = 0. Suppose -10 = -3*s + f*y + 3*y, -y = -5*s + 46. What are the prime factors of s?
2, 5
Let l(k) = 2*k - 6. Let g be l(6). Let f = g - -1. List the prime factors of f + (-4)/(-2) - 2.
7
Let i(s) be the third derivative of -s**7/2520 - s**6/72 - s**5/30 + s**4/12 - s**2. Let b(c) be the second derivative of i(c). List the prime factors of b(-9).
5
Suppose -4*u = 3*v - 17, -3*v + 9 = -0. Let o(t) = 4 - 2 - t**3 + t + t**u + 0*t. What are the prime factors of o(-2)?
2, 3
Suppose 14*i = 5*i + 774. What are the prime factors of i?
2, 43
Let w(c) = 2*c**3 + 5*c + 3 - 3*c**2 + 3*c - 3*c**3. Let q be (-4 - -5)*((-45)/3)/3. What are the prime factors of w(q)?
13
Let g = 238 + 37. List the prime factors of g.
5, 11
Let u be (-8)/(-20) - (-26)/10. Suppose -4*k + 73 = u*v, 0*v = 4*k + v - 67. What are the prime factors of k?
2
What are the prime factors of (745/15 - 5)*3?
2, 67
Suppose 2*o + 3*k - 35 = 7*o, -k + 9 = -o. List the prime factors of o + 2/2 - -15.
2, 3
Let o be 13*(2 + -1*5). Let x = -15 - o. Suppose -3*w + 3 = 5*s, 3*s = 2*w - s - x. What are the prime factors of w?
2, 3
Let z(h) = -3*h - 4. List the prime factors of z(-4).
2
Suppose 16 = -3*l + 2*j, 1 = 3*l + 5*j + 3. What are the prime factors of 6/l*12/(-2)?
3
Suppose 4*l - 24 - 44 = 0. Let r = 28 - l. What are the prime factors of r?
11
Let d(n) = -19*n - 2. Suppose 3*z + 4 + 2 = 0. Let f be d(z). Suppose 3*g = -g + f. List the prime factors of g.
3
Let o = 5 - -26. Let u = o - 19. What are the prime factors of u?
2, 3
Let g be (-2)/6 + 96/18. Let t = -2 + g. What are the prime factors of t?
3
Let t = -5 + 105. What are the prime factors of t?
2, 5
Let u(t) = 24*t + 2 - 8 + 7. List the prime factors of u(2).
7
Let o = -7 + 10. Let t = o - 3. Suppose -3*y + 6*y - 24 = t. What are the prime factors of y?
2
Let o = 222 + -159. What are the prime factors of o?
3, 7
Let r(v) = v**3 + 4*v**2 + 2*v + 3. Let m be r(-4). Let x = -6 - m. What are the prime factors of -7*(2 - 3) - x?
2
Let a = 13 + -8. Suppose 0 = -x - a. What are the prime factors of (12/x)/((-9)/60)?
2
Let c = 47 - 33. Let t = c - 7. What are the prime factors of t?
7
Suppose 2*a = 5*l - 12, -7 = 2*l + 4*a - 31. Let n = l + -4. Suppose 2*s - 6 = 2*k - 0, k + s - 7 = n. What are the prime factors of k?
2
Let b be (2/4)/(1/(-6)). Let d = -1 - b. Suppose -d*f = 2*f - 20. What are the prime factors of f?
5
Let z(p) = -6*p - 21. What are the prime factors of z(-11)?
3, 5
Let l(p) = p**2 - p + 3. Let w be l(6). Let n be 63/(-4) + (-4)/16. Let y = w + n. What are the prime factors of y?
17
Let j be (3/4)/(6/(-24)). What are the prime factors of (-85)/j + 56/(-42)?
3
Suppose 3*d = 4*w - 14, -3*w + 2*w + 6 = -d. Let i(y) = y**2 + 8*y - 8. List the prime factors of i(d).
2, 3
Suppose m = 1 - 0. List the prime factors of 1/(m/13) + -3.
2, 5
Suppose -2*z + 23 = -13. List the prime factors of z.
2, 3
What are the prime factors of 10 - (2 + -5 - 1)?
2, 7
Suppose o + 2*m = 15, o - 29 = -4*m - 4. Suppose 4*l = 3*k - 14, -2*k + 3*l = -15 + o. Suppose x - f = 0, -k = x - 2*f + 3. List the prime factors of x.
5
Let x(o) = -o**2 + 14*o + 11. What are the prime factors of x(12)?
5, 7
Let p(g) = 8*g - 6. What are the prime factors of p(6)?
2, 3, 7
Let l be (-1)/((2 - 1)/(-7)). Suppose 2*f - a - 37 = 12, f - l = 4*a. What are the prime factors of f?
3
Suppose 46 = a - 3*i, 2*a - 164 = -a - 4*i. List the prime factors of a.
2, 13
Let r = -16 - -6. Let w = r - -55. What are the prime factors of w?
3, 5
Let a(m) = m**3 - 5*m**2 - m + 6. Let l be a(5). What are the prime factors of l*(16 + (-9)/3)?
13
Suppose 3*u - 3 = 0, 0*u - 4*u = 2*f - 306. What are the prime factors of f?
151
Let i(s) = -s**3 - 7*s**2 - s - 4. Let y be i(-7). Suppose y*d + 5*p = 129, d - 32 = -0*d + 2*p. List the prime factors of d.
2, 19
Let f(c) = 5*c. Let o be f(3). Suppose 5*a = 4*w + 17, o = 5*w + 3*a - 2*a. Suppose -w*n + 0*b + 2*b = -36, 2*b + 18 = n. What are the prime factors of n?
2, 3
Let v be 4*((-3)/1)/(-6). Suppose -v*t + 1 = -7. Suppose -5*s + t*r = -5, -4*s - 2*r + 50 = 20. What are the prime factors of s?
5
Suppose 0 = -4*g - 5*t + 337, -103 = -2*g - t + 58. Suppose -2*a = a - g. List the prime factors of a.
2, 13
Suppose 0 = -3*n - 2*o + 34, n - 4*o = -0*n + 16. Let u be 1/4 - 63/n. Let r = u - -7. What are the prime factors of r?
2
Let l(r) = r**3 + 11*r**2 - 16*r - 7. List the prime factors of l(-12).
41
Let o = 53 - 13. Suppose 5*w - 30 = o. List the prime factors of w.
2, 7
Let v be (1 - (-148)/8)*2. Suppose 8*k - 11*k = -v. What are the prime factors of k?
13
Suppose -45 = -5*n - 4*f, -3*n + 4*f + 30 = -29. Let u = n - -3. What are the prime factors of u?
2
Let b be -3 + 4 - (1 + 8). Let u(w) = w**3 + 9*w**2 - 9*w - 8. Let a(c) = -c**2 + c + 1. Let r(o) = -2*a(o) - u(o). What are the prime factors of r(b)?
2, 7
Suppose -4*n - n + 20 = 0. Suppose n*w = -w - 180. Let m = -18 - w. What are the prime factors of m?
2, 3
Suppose 0 = -5*z + z + 112. Suppose b - 5*b + z = 0. List the prime factors of b.
7
Let p = 20 + -14. Suppose 5*g - 3*v + 1195 = 0, -3*g + 5*v = -6*g - 683. What are the prime factors of 2/p + g/(-12)?
2, 5
Let u be ((-8)/10)/(6/(-45)). Suppose 0*o = 3*o + u. Let t(x) = -x**3 - 2. What are the prime factors of t(o)?
2, 3
Let k(h) = -3*h**2 + 6*h - 5. Let c(s) = s**2 - 3*s + 2. Let m(x) = -7*c(x) - 3*k(x). List the prime factors of m(-2).
3
Suppose 4*a - 444 = -4*m, 4*a - 5*a = 1. What are the prime factors of m?
2, 7
Let s(a) = a**3 + 8*a**2 - 8*a + 11. Let y be s(-9). Suppose 2*m - 60 = 3*q, m - 2*q - 80 = -y*m. What are the prime factors of m?
2, 3
List the prime factors of (-12)/(-10)*(129/6 - -1).
3
Let s(c) = -8*c + 2. Let g(m) = 15*m - 3. Let n(u) = 3*g(u) + 5*s(u). List the prime factors of n(1).
2, 3
Suppose -3*m = m. Suppose 3*d + 36 = -0*d + 3*t, m = d - 4*t + 12. What are the prime factors of 21/d*-2*2?
7
What are the prime factors of (8/(-5))/(5 + (-1505)/300)?
2, 3
Suppose 2*o + 36 = 2. Let m = 33 + o. What are the prime factors of m?
2
Let k = -9 - -1. Let m = k + 11. What are the prime factors of m?
3
Let b = -125 - -285. Suppose -2*r + 2*i - 25 + 103 = 0, -2*i = 5*r - b. List the prime factors of r.
2, 17
Suppose -4*h + 3*j + 46 = 0, -3*j + 42 - 10 = 2*h. Suppose -5*f = 2*r - h, -f + 42 = 3*r + 2*f. List the prime factors of r.
19
Suppose -s + 13 = -k + 2*s, -3*k = 4*s - 26. Suppose -k*a + 0*a + 50 = q, 98 = 4*a + q. List the prime factors of a.
2, 3
Let d be 3*(4 - 3 - -1). Let g(t) = -t**3 + 7*t**2 + 3*t - 6. List the prime factors of g(d).
2, 3
Suppose -5*d - 2*y = 19, 7 + 0 = d + 4*y. Let l = d + 5. Let j(p) = p**2 + p + 13. List the prime factors of j(l).
13
Let a(b) = 3*b + 1. Let n be a(1). Suppose 3*c + 2*w = 38, 0*c - w - 58 = -n*c. What are the prime factors of c?
2, 7
Let z(j) = -j**2 - 15*j - 11. Let d be z(-10). Suppose 0*o = -3*o + d. List the prime factors of o.
13
Suppose 4*w - 51 = 5*i, 0 = w - 4*i + 4 - 14. What are the prime factors of w?
2, 7
Let m(c) = c**3 + 11*c**2 - 10*c + 8. List the prime factors of m(-11).
2, 59
Let j = -5 - -96. What are the prime factors of j?
7, 13
Let k(b) = -b**3 + 5*b**2 - 4*b + 4. Let d be k(4). Suppose -20 = -3*h + d*s, h + 2*s + 0*s = 0. Suppose -56 - h = -5*m. List the prime factors of m.
2, 3
Let r(h) = -5*h + 8. Let t(l) = 10*l - 17. Let f(k) = -13*r(k) - 6*t(k). Let c be f(6). What are the prime factors of 260/c - 2/7?
3
Let j(i) = -44 - 2*i + 43 - 2*i**2 + 0*i**2 - 26*i**3. List the prime factors of j(-1).
5
Let x be (6/9)/(5/60). What are the prime factors of ((-108)/x)/((-5)/10)?
3
Let y be (6/(-12))/((-2)/60). Suppose y = 4*i - i. Suppose i*k + 0*k - 45 = 0. What are the prime factors of k?
3
Let l(z) = -2*z**2 + 3*z - 2. Let c be l(2). Let v = 1 - c. Suppose -5*w = -o + 9, 3*o - 27 = v*w - w. List the prime factors of o.
3
Let t(a) = -2*a - 1. Let n be 0 - (-3 + 0) - 5. Let o be t(n). Suppose 0 = -0*y - o*y + 30. What are the prime factors of y?
2, 5
Let a(t) = t**2 + t + 1. Suppose -4*k = -1 + 9. Let i be a(k). Suppose i*o + 28 - 82 = 0. List the prime factors of o.
2, 3
Let h(g) = -3*g**2 + 3*g + 5*g**2 + g**3 + g**2 - 3 + g**2. Let u be h(-3). Let t(b) = -6*b - 4. List the prime factors of t(u).
2, 7
Let x(j) = -4*j**3 + 3*j**2 - 3*j +